 4*s + 3169. What are the prime factors of s?
5, 211
Suppose 385260 = 11*d + 143942. What are the prime factors of d?
2, 7, 1567
Let n(d) = -d**2 + 6*d - 11. Let h be n(5). Let s(i) = i**3 + 9*i**2 - 12*i + 14. List the prime factors of s(h).
2, 97
Let a(r) = -3*r - 7. Let z(p) = -15*p - 36. Let h(b) = 33*a(b) - 6*z(b). Let c be h(-9). Suppose c*j - 39 = 63*j. List the prime factors of j.
13
Let u = 43 + -39. Let p(o) = 3*o - 1. Let f be p(u). Suppose 204 = 14*l - f*l. List the prime factors of l.
2, 17
Let m(d) = d - 9. Let l be m(14). Suppose 11*b = l*b. Suppose -5*x = b, -2*y + 45 = -2*x + 1. List the prime factors of y.
2, 11
Suppose 5*z + 225 = 235. What are the prime factors of 809 - (2 - z - -4)?
5, 7, 23
Let h be 240/(-168)*(-7 + 0). Suppose -2*s = -0 - h, 0 = m - 2*s - 129. List the prime factors of m.
139
Let o be 9/21 - (-55)/35. Suppose o*g - 10 = 0, 4*s - g = 3*g + 1716. Suppose 0 = 4*r - 166 - s. What are the prime factors of r?
2, 3, 5
Let o = -188 - -190. Suppose -o*b - 319 = -3*b + 2*u, -5*b - 2*u + 1547 = 0. List the prime factors of b.
311
Suppose 10*y + 10*y = -640. Let g(p) = -p**3 - 32*p**2 - 6*p + 39. List the prime factors of g(y).
3, 7, 11
Let r = -2541 - -1795. Let l = r - -1156. List the prime factors of l.
2, 5, 41
Suppose -4*t - 1 + 36 = 3*q, -3*q + 5*t = 10. Suppose -2*b + 4 = 5*c - 26, -b = q*c - 25. Suppose 2*h = b*h - 117. List the prime factors of h.
3, 13
Let x = -93 - -98. Let n be (x + (-210)/(-12))*102/5. Let j = n - 219. What are the prime factors of j?
2, 3, 5
Suppose -3*j + 5*d = -3508, -4*j - 8*d + 4*d + 4624 = 0. Suppose -2*x + j = 5*r, -86 = -3*r + 2*x + 601. What are the prime factors of r?
3, 7, 11
Let y(g) = 543*g - 1. Let v be y(7). List the prime factors of (-12)/22 - v/(-110).
2, 17
Suppose -5*f - c = -78 + 2, c + 52 = 3*f. Suppose -2*q + f = 20. List the prime factors of 4/q*((-37)/2)/1.
37
Let u = -1455 + 2053. Let n = 1029 - u. What are the prime factors of n?
431
Let u(q) = q**3 - q**2 - 4*q - 6. Let j be u(0). What are the prime factors of (j/(-8)*-2)/((-1)/52)?
2, 3, 13
Suppose 46*c + 1137 = 5323. What are the prime factors of c?
7, 13
Let a(l) = -l**3 + 59*l**2 - 17*l - 1648. List the prime factors of a(52).
2, 4099
Suppose 3*h - 5*h - 2*j = -6010, 4*h = j + 12025. What are the prime factors of h?
2, 3, 167
Let g be 18/(-198) + (-219)/11. Let k(h) = -h**2 - 20*h + 59. List the prime factors of k(g).
59
What are the prime factors of 19852/6*(-210)/(-140)?
7, 709
List the prime factors of (-18)/21*(-5 - (-56685)/(-10)).
3, 1621
Let w = 23438 - 15950. Suppose 32*n = 8*n + w. List the prime factors of n.
2, 3, 13
Let d(t) = -t**2 + 3*t + 9. Let r be d(4). Let s = 3 + r. List the prime factors of (s + -3 + -4)*25.
5
Let z(d) = d**3 + 29*d**2 - 29*d + 725. List the prime factors of z(16).
3, 7, 11, 17
List the prime factors of ((-3)/(-24) - 11154/(-48))*20/3.
2, 5, 31
What are the prime factors of 208581/15 - 2/55*11?
3, 5, 103
Let y(n) = n - 3. Let g(a) = a**2 - 4*a - 7. Let x be g(-2). Let l be y(x). Suppose o = -l*o + 312. List the prime factors of o.
2, 13
Suppose 635 = 3*v - 4*n, n = -3*v - 2*n + 621. List the prime factors of 14260/22 + (-38)/v.
2, 3
Let m(u) = -u**2 + 11*u - 25. Let g be m(3). What are the prime factors of ((-15)/12 - g)*-1082*2?
541
Let c = -12789 - -20077. List the prime factors of c.
2, 911
Let k = 18937 + -10591. What are the prime factors of k?
2, 3, 13, 107
Let f(l) = -l**2 - 11*l + 4. Let o be f(-11). What are the prime factors of 3 - (-237)/(o + -3)?
2, 3, 5
Let t = 0 - -31. Suppose -3*q = 37 - t. List the prime factors of (q - -1)*3 - 62/(-2).
2, 7
Let s be (-2)/4 + ((-84)/(-8) - 4). Suppose -s*b + 1223 = -463. List the prime factors of b.
281
Suppose 0 = -2*u + t + 5 + 4, 3*t - 1 = -u. Let w be (-4 + 1318/8)/(1/u). Suppose 1049 = 5*h + 4*z - 3*z, 3*h + 4*z = w. What are the prime factors of h?
11, 19
Suppose -3*r + 25161 = b, -2*r - 4*b + 11620 = -5154. List the prime factors of r.
8387
Suppose -18 - 7 = -5*u. Suppose 3*d = 3*r - 1326, 728 = 2*r - u*d - 147. What are the prime factors of r?
5, 89
Let g be (1 + 0)*-1*-136. Let b(u) = 8*u**2 + 28*u + 25. Let i be b(-3). Suppose g = -5*p + i*p. List the prime factors of p.
17
What are the prime factors of 10/(-12) + (-14418250)/(-588)?
2, 5, 613
Let v be 6 + 49/(-14) - (-2)/4. Suppose -v*z - 2 = -m - 2*z, -3*m + z = -6. Let h(f) = 13*f**3 - 4*f**2 + 4*f + 1. What are the prime factors of h(m)?
97
Let q(u) = -u**3 - 10*u**2 + 8*u - 7. Let i(r) = -r**2 + 4*r + 1. Let h be i(6). Let w be q(h). Suppose -w*c + 21*c = -605. What are the prime factors of c?
11
Suppose c + 4*a = -199, -c + 995 = -6*c - 5*a. Let w = -109 - c. List the prime factors of w.
2, 3, 5
Suppose 79*f = 811766 - 83228. List the prime factors of f.
2, 3, 29, 53
Let v = -336 - 377. Let s = 51 - v. List the prime factors of s.
2, 191
Suppose j = -4*x + 568, 5*x + 1636 = 197*j - 194*j. List the prime factors of j.
2, 3, 23
List the prime factors of -2*(-17804)/8 + (-12)/3*1.
4447
Let m be (-4 - (-16)/8)*-2. Suppose -5*n + m*a = -3276, -2*a = -2*n - 3*n + 3268. What are the prime factors of n?
2, 163
What are the prime factors of (-108)/(-1350) - 1963792/(-100)?
2, 3, 1091
Let c(y) = 155*y - 11. Let v be (-185)/(-25) - 7 - (-18)/5. List the prime factors of c(v).
3, 7, 29
Let v = -409 - -756. Suppose -4*l + 61 + v = s, 3*s = -2*l + 1234. List the prime factors of s.
2, 103
Suppose 0*m = 2*m + 498. Let t = m - -352. List the prime factors of t.
103
Let t = -1379 - -7693. What are the prime factors of t?
2, 7, 11, 41
Let m(z) = -z**2 + 5*z + 5. Let a be m(4). Suppose 0 = -p + 2*k + 766, -a*p - 2*k + 3104 = -5*p. What are the prime factors of p?
2, 3, 43
Let u(p) be the third derivative of -17*p**6/5 + p**5/30 - p**4/12 - p**3/3 + 115*p**2. List the prime factors of u(-1).
2, 5, 41
Suppose 30*o - 112159 = -55*o + 246541. What are the prime factors of o?
2, 5, 211
Let u = 1051 - 686. List the prime factors of u.
5, 73
Let n(t) = 5*t + 22. Let d be n(-7). What are the prime factors of 308 + d - (3 - -1)?
3, 97
Let v(w) = 5*w**2 - 9*w + 1. Let m be v(2). Suppose -j = 0, -24*j - 1413 = -m*q - 23*j. List the prime factors of q.
3, 157
Let a(q) = -3*q - 17. Let n be a(-7). Suppose 0 = -n*x - 2*x + 12. List the prime factors of (x - (-97 + 0))/(3 - 2).
3, 11
Let j = -525 + 537. Suppose 8*x + j*x - 8500 = 0. What are the prime factors of x?
5, 17
Let g(i) = 17*i - 39. Let b be g(5). Suppose 0 = 8*q - 9*q + 4*l + b, 3*l = -4*q + 184. List the prime factors of q.
2, 23
Suppose x - 58 = 5*s - 3*s, x = -3*s + 48. Suppose -2*j + 4 = 4*q - 30, -103 = -5*j - 4*q. Suppose -j - x = -y. List the prime factors of y.
7, 11
Suppose -m = 5*j - 37, 6*m + 4*j = 10*m - 100. Let x = 25 - m. Let w(r) = -18*r + 9. What are the prime factors of w(x)?
3, 5
Let w = 18669 + 9922. What are the prime factors of w?
28591
Let g be 2185/(-20) + 2/8. Let n(h) = 2*h**2 - 39*h - 927. Let y be n(-17). Let q = y + g. What are the prime factors of q?
5, 41
Let s be 9/27 + (-38)/6. Let u(j) = -35*j - 70. List the prime factors of u(s).
2, 5, 7
Suppose -145*a + 1923397 = 239077. What are the prime factors of a?
2, 3, 11
Let m(n) = 52*n + 17. Let h be (4 + 4)*(-7)/(-14). List the prime factors of m(h).
3, 5
Let a(b) = 29*b**3 + 18*b**2 - 38*b + 75. List the prime factors of a(13).
2, 3, 691
Let l be (8/6)/(200/72 + -3). Let m(o) = 2*o + 3 + 2*o - 4 + 2*o**2. List the prime factors of m(l).
47
Let f = 474 + -470. Suppose f*h - 1444 = -34*h. What are the prime factors of h?
2, 19
Suppose 3*j = j. Suppose 147 = 10*s - 423. Suppose 5*n - 28 - s = j. List the prime factors of n.
17
Suppose 0*r = -4*r + 200. Suppose 5*q + 14*k - 17*k = 1192, -q - k = -240. Let d = q - r. List the prime factors of d.
3, 7
Let l(y) = 3*y**3 - 41*y**2 - 40*y - 53. What are the prime factors of l(22)?
13, 859
Suppose -16*u + 1184 = -4464. List the prime factors of u.
353
Let u(v) = 184*v**2 - 5*v - 6. Let m be (-4)/(-5) + (0 - 6/(-30)). Suppose 0 = 3*g + 2*s - 4*s + 3, -4*s = -g - m. List the prime factors of u(g).
3, 61
What are the prime factors of (-234454)/(-2)*(-142)/(-781)?
2, 10657
List the prime factors of 24/(-10)*(-503310)/171.
2, 883
Suppose 12*i + 57 = -51. Let a(w) = -4*w**2 - 46*w - 3. List the prime factors 